w and 90.
10
Let m = 25 + -17. Let q be 75 + 3/6*-6. Calculate the highest common divisor of q and m.
8
Let c(m) = 7*m + 7 - 2*m - 3. Let r(i) = i**2 - i + 2. Let b be r(2). Let h be c(b). What is the highest common divisor of h and 6?
6
Let v(b) = b**3 - 2*b**2 - 2. Let s be v(3). Let d = s - -6. Calculate the highest common factor of d and 104.
13
Let t be (-30)/(-7) + (3 - (-23)/(-7)). Calculate the highest common factor of t and 20.
4
Suppose -3*t + 2*o + 2*o = -123, -3*t + 5*o + 120 = 0. Let w = -3 + t. Calculate the highest common factor of w and 6.
6
Let y = 34 - 10. Calculate the greatest common divisor of y and 216.
24
Let y(f) be the second derivative of -f**4/12 - 5*f**3/3 - 7*f**2/2 + 9*f. Let l be y(-5). What is the highest common factor of l and 72?
18
Suppose -5*q = -5*t + 115, 4*t + 6*q - 62 = 4*q. Suppose 10 = -5*n - 4*o, o + 2*o + 23 = 4*n. Calculate the greatest common divisor of n and t.
2
Suppose 5*a + 62 - 7 = j, a = 5*j - 227. Let k be (13/(-2) - 1)*-4. Calculate the greatest common factor of k and j.
15
Let r(o) = -o + 7. Let i be r(-6). Calculate the greatest common divisor of 52 and i.
13
Suppose 5*g + q - 3*q = 28, -g + 16 = -3*q. Let y = g - 0. What is the highest common divisor of 16 and y?
4
Let t(h) = h**2 - 8*h + 15. Let c be t(6). Calculate the greatest common factor of c and 15.
3
Suppose -2*y - 3*u = -y - 7, -2*y + 2*u + 22 = 0. Let t be (y/25)/(1/30). What is the greatest common factor of 96 and t?
12
Let i(q) = q**3 - 2*q**2 - 1. Let o be i(3). Suppose -25 = -5*l, -4*f - 9 + 51 = 2*l. Calculate the greatest common divisor of f and o.
8
Let f be (4 - 2 - -18)/1. Calculate the highest common factor of 40 and f.
20
Let d be -1*(-4 - 6)/2. Suppose 5*n + 4*t = 368, d*n = -2*t - t + 371. What is the greatest common divisor of 19 and n?
19
Suppose 6*k - 20 = k. Suppose k = 3*w + 1. Let p(h) = 2*h - 1. Let r be p(5). What is the highest common factor of w and r?
1
Let p(j) = 2*j**2 - 3. Let l be p(-3). What is the highest common factor of l and 150?
15
Let b be (-4)/((-16)/(-12)) - -119. Suppose 5*p - 19 = b. Calculate the greatest common factor of p and 135.
27
Suppose -5*p = 4*j - 260, 4*p - 6*j + 2*j - 244 = 0. What is the greatest common divisor of 8 and p?
8
Let f = -62 - -77. Calculate the greatest common factor of f and 3.
3
Let m be (-3)/2 - 44/(-8). Let q = 11 + -4. Suppose 3 = -4*u + q. What is the highest common factor of m and u?
1
Let r = 7 + 63. Suppose u + 11 = 5*v - 4*v, 0 = -v + 2*u + 12. Calculate the greatest common factor of r and v.
10
Let m(w) = -7*w - 6. Let a be m(-7). Let d = a - 24. What is the greatest common factor of 171 and d?
19
Suppose -3*w = -4*p + 17432, 7*p - w = 4*p + 13079. Let y = p + -2326. Let d be y/15 + (-1)/(-3). Calculate the highest common divisor of d and 17.
17
Suppose 0 = 5*m - 3*c - 1751, 2*m - 220 = 2*c + 478. What is the highest common factor of m and 32?
32
Let j(l) = 10*l**2 + 4*l + 9. Suppose -3*k - 1 + 22 = 0. Let x be j(k). Let o be x/5 + (-4)/10. What is the highest common divisor of 15 and o?
15
Let x be -4 - (-4 - (14 + -1)). Calculate the greatest common factor of 13 and x.
13
Let g(m) = m**2 + 4*m + 5. Let u be g(-6). Calculate the greatest common factor of u and 68.
17
Suppose 0 = 23*i - 13*i - 40. What is the greatest common divisor of 4 and i?
4
Let h = -16 + 10. Let y be (-8)/(-12) + 4/h. Suppose 4*s - 4 = y, -r + 3 = -3*s - 19. Calculate the highest common divisor of r and 5.
5
Suppose 2*g + 10 = 0, -2*l - 171 = g - 6*g. Let t = 59 - 289. Let r = l - t. Calculate the highest common factor of r and 12.
12
Suppose 5*q - 5 = 15. Suppose -282 = -q*t + 2*i, 0 = -0*t - 2*t + 2*i + 142. Calculate the greatest common divisor of 10 and t.
10
Suppose k = 4*m + 22, -2*m = -4*k - 3*m + 37. Let x = k - 0. Suppose 4*a + 6 + 2 = 0, -2*p - 4*a = 4. What is the greatest common divisor of p and x?
2
Suppose 6 = -5*s + 116. What is the highest common divisor of 44 and s?
22
Suppose 3*x = -2*x + 330. Let r(d) be the first derivative of d**3 + d**2 - 2*d - 1. Let a be r(-2). Calculate the highest common divisor of x and a.
6
Let o be (-2)/(-7) - (-95)/35. Let c = o - 6. Let l = c + 16. Calculate the highest common divisor of l and 13.
13
Let d be 72 - (-8)/((-32)/(-12)). Calculate the greatest common divisor of 15 and d.
15
Suppose 45 = 8*p - 5*p. Calculate the greatest common divisor of 3 and p.
3
Suppose 0 = -2*r + 3*m + 10, -5*r + 0*m + 4*m = -32. Suppose -5*s = -3*t - 51, -69 = -6*s + s - 3*t. What is the greatest common factor of s and r?
4
Let x be (48/(-9))/((-2)/99). Suppose 0 = 2*i - 0*i - 48. What is the highest common divisor of i and x?
24
Suppose 170 = 3*l - 3*j + 14, -2*j = 0. What is the highest common factor of 78 and l?
26
Let x(c) = 2*c**2 + 4*c - 4. Let w be x(4). Calculate the highest common factor of 110 and w.
22
Suppose 0 = 4*f - q - 87, -83 = -4*f - 0*f + 5*q. Suppose -3*h + 40 = -686. What is the highest common divisor of f and h?
22
Suppose 0 = -3*m - 5*y - 16, 3*m + 1 + 0 = -2*y. What is the greatest common factor of 3 and m?
3
Let v = -1 + 76. Let y(z) be the second derivative of z**4/12 - 5*z**3/6 - 3*z**2 + z. Let b be y(-4). What is the highest common factor of b and v?
15
Suppose o = -14 - 5. Let h = o - -27. What is the greatest common factor of h and 40?
8
Let w = 6 - 0. Let y = w + 4. Suppose y + 0 = f. What is the greatest common factor of f and 15?
5
Let l = 9 + 11. Suppose -4*f - l = -172. What is the greatest common factor of f and 57?
19
Let c(n) = n**2 + 3. Suppose -3*y = y. Let j be c(y). Suppose -v + j = -i, v = 3*i + i - 12. What is the greatest common factor of v and 12?
4
Let y(n) = 36*n**3 - n**2 + n. Let t be (-12)/3*1/(-4). Let w be y(t). Calculate the greatest common factor of w and 24.
12
Let b(g) = 2*g**2 - g + 1. Let z = -3 + 4. Suppose 3*h - 8 - z = 0. Let t be b(h). Calculate the greatest common divisor of t and 144.
16
Suppose -3*r + 0 = -3. Let o = 15 - r. Let q be 0/(2/(-2)) - -14. What is the greatest common factor of q and o?
14
Suppose 5*t + 0*t = 150. Suppose 2*q = -0*q + 150. What is the highest common divisor of t and q?
15
Suppose 9*d - 4*d - 435 = 0. Calculate the greatest common divisor of 58 and d.
29
Let p = -175 - -423. What is the highest common divisor of 31 and p?
31
Let i(p) = -19*p. Let c = -2 - 2. Let u be i(c). Suppose 245 = 3*b - 5*s, -4*s + u = 3*b - 2*b. What is the highest common factor of 8 and b?
8
Let m be (8 - 3) + (0 - 2). Suppose m + 11 = 2*n. Let f(r) = 2*r + 1. Let z be f(n). What is the greatest common factor of 45 and z?
15
Let m = 4 - 6. Let l be -16*(0 + m/4). Suppose 0 = 4*u - 2*u - l. Calculate the greatest common factor of 44 and u.
4
Let w be 4/1 + 1 + 33. What is the greatest common factor of 57 and w?
19
Suppose -2 = -2*f + 6. Suppose -f*g + 8*g - 44 = 0. Calculate the greatest common factor of g and 22.
11
Suppose 6*b - 2*b = -16. Let u be 1 - 14*2/b. What is the highest common factor of u and 56?
8
Let k be (-12 - 0)*20/(-15). Let g be 132/k - (-2)/(-8). What is the highest common divisor of g and 1?
1
Suppose -p - 1 + 7 = 0. Let v be 333/p + (-2)/(-4). Calculate the greatest common divisor of v and 7.
7
Let i(d) = d**2 - d - 4. Let z be i(4). Calculate the highest common divisor of z and 24.
8
Suppose 19 = 3*y - 56. Calculate the greatest common divisor of y and 100.
25
Let k = -53 - -101. Let g be ((-6)/5)/((-174)/(-60) + -3). Calculate the greatest common factor of g and k.
12
Let m(j) = j**2 - j - 3. Let d be m(4). What is the highest common divisor of 63 and d?
9
Let b(s) = -s + 11. Let r(i) = i. Let c be r(8). Let z be b(c). Let l be 2*4*(-2 + z). What is the highest common divisor of 64 and l?
8
Let m(t) = 3*t**2 - 6*t - 2. Let o(a) = a + 19. Let y be o(-13). Let r be m(y). What is the highest common factor of 10 and r?
10
Suppose 0 = 4*f - 41 - 31. Let q be (-12)/(-3 + 0 - -2). What is the highest common factor of q and f?
6
Let u(o) = o - 5. Let z be u(5). Let v = z - 0. Suppose 2*b + 446 = -v*h + 3*h, -20 = -4*b. Calculate the greatest common factor of h and 19.
19
Let z be ((-651)/(-9))/7*3. What is the greatest common divisor of z and 93?
31
Let o = -141 + 198. What is the highest common factor of 171 and o?
57
Suppose -h + 5*h - 4 = 0, 3*h = -r. Let x be